{"id":33,"date":"2013-03-07T15:02:50","date_gmt":"2013-03-07T15:02:50","guid":{"rendered":"http:\/\/pinozvok.partizanska.net\/?page_id=33"},"modified":"2019-08-29T12:31:31","modified_gmt":"2019-08-29T12:31:31","slug":"snemanje-in-reference","status":"publish","type":"page","link":"https:\/\/www.pinozvok.modri.net\/?page_id=33","title":{"rendered":"Snemanje"},"content":{"rendered":"<p style=\"text-align: center;\"><b>Ponujamo snemanje va\u0161e zasedbe ali solista na vaji ali prireditvi. Studijsko izdelavo ali obdelavo posnetka (intonan\u010dno vi\u0161je &#8211; ni\u017eje, hitreje &#8211; po\u010dasneje, kraj\u0161e &#8211; dalj\u0161e). Lahko za vas pripravimo in posnamemo klavirske ali druga\u010dne glasbene spremljave. Povpra\u0161ajte.<\/b><\/p>\n<p style=\"text-align: center;\">pinozvok@gmail.com<\/p>\n<p style=\"text-align: center;\"><strong>Tukaj lahko prisluhnete posnetkom razli\u010dnih zasedb.<\/strong><\/p>\n<p style=\"text-align: center;\"><strong>Simfoni\u010dni orkester Cantabile Logatec pod vodstvom Marjana Grdadolnika; <\/strong><\/p>\n<p style=\"text-align: center;\"><strong>solistka Manca Rupnik<\/strong><\/p>\n<p style=\"text-align: center;\"><strong>Vittorio Monti &#8211; Czardas<\/strong><\/p>\n<!--[if lt IE 9]><script>document.createElement('audio');<\/script><![endif]-->\n<audio class=\"wp-audio-shortcode\" id=\"audio-33-1\" preload=\"none\" style=\"width: 100%;\" controls=\"controls\"><source type=\"audio\/mpeg\" src=\"http:\/\/www.pinozvok.modri.net\/wp-content\/uploads\/2019\/08\/Czardas.mp3?_=1\" \/><a href=\"http:\/\/www.pinozvok.modri.net\/wp-content\/uploads\/2019\/08\/Czardas.mp3\">http:\/\/www.pinozvok.modri.net\/wp-content\/uploads\/2019\/08\/Czardas.mp3<\/a><\/audio>\n<p style=\"text-align: center;\"><strong>Tambura\u0161ki orkester \u0160martno pri Litiji pod vodstvom Helene Vidic:<\/strong><\/p>\n<p style=\"text-align: center;\"><strong>Astor Piazzolla &#8211; \u00a0Libertango:<\/strong><\/p>\n<p style=\"text-align: center;\"><a id=\"mbmaplayer_1485502827836\" class=\"mb_map {skin:'black', animate:true, width:'350', volume:0.5, autoplay:false, loop:false, showVolumeLevel:true, showTime:true, allowMute:true, showRew:true, addGradientOverlay:false, downloadable:false, downloadablesecurity:false, id3: false}\" href=\"http:\/\/www.pinozvok.modri.net\/wp-content\/uploads\/2013\/03\/a007-Libertango.mp3\">Libertango<\/a><\/p>\n<p style=\"text-align: center;\"><strong>Vokalna skupina Cantabile\u00a0pod vodstvom Romana A\u017ebeta:<\/strong><\/p>\n<p style=\"text-align: center;\"><strong>Dubravko \u0160imek, Goran Ma\u010du\u017ei\u0107- \u00a0Ru\u017ea crvena<\/strong><\/p>\n<p style=\"text-align: center;\"><a id=\"mbmaplayer_1485503277323\" class=\"mb_map {skin:'black', animate:true, width:'350', volume:0.5, autoplay:false, loop:false, showVolumeLevel:true, showTime:true, allowMute:true, showRew:true, addGradientOverlay:false, downloadable:false, downloadablesecurity:false, id3: false}\" href=\"http:\/\/www.pinozvok.modri.net\/wp-content\/uploads\/2017\/01\/012-Ruza-crvena.mp3\">Ru\u017ea crvena<\/a><\/p>\n","protected":false},"excerpt":{"rendered":"<p>Ponujamo snemanje va\u0161e zasedbe ali solista na vaji ali prireditvi. Studijsko izdelavo ali obdelavo posnetka (intonan\u010dno vi\u0161je &#8211; ni\u017eje, hitreje &#8211; po\u010dasneje, kraj\u0161e &#8211; dalj\u0161e). Lahko za vas pripravimo in posnamemo klavirske ali druga\u010dne glasbene spremljave. Povpra\u0161ajte. pinozvok@gmail.com Tukaj lahko prisluhnete posnetkom<\/p>\n<p class=\"link-more\"><a class=\"myButt \" href=\"https:\/\/www.pinozvok.modri.net\/?page_id=33\">Read More<\/a><\/p>\n","protected":false},"author":2,"featured_media":0,"parent":0,"menu_order":2,"comment_status":"closed","ping_status":"open","template":"","meta":{"footnotes":""},"class_list":["post-33","page","type-page","status-publish","hentry"],"jetpack_sharing_enabled":true,"_links":{"self":[{"href":"https:\/\/www.pinozvok.modri.net\/index.php?rest_route=\/wp\/v2\/pages\/33","targetHints":{"allow":["GET"]}}],"collection":[{"href":"https:\/\/www.pinozvok.modri.net\/index.php?rest_route=\/wp\/v2\/pages"}],"about":[{"href":"https:\/\/www.pinozvok.modri.net\/index.php?rest_route=\/wp\/v2\/types\/page"}],"author":[{"embeddable":true,"href":"https:\/\/www.pinozvok.modri.net\/index.php?rest_route=\/wp\/v2\/users\/2"}],"replies":[{"embeddable":true,"href":"https:\/\/www.pinozvok.modri.net\/index.php?rest_route=%2Fwp%2Fv2%2Fcomments&post=33"}],"version-history":[{"count":26,"href":"https:\/\/www.pinozvok.modri.net\/index.php?rest_route=\/wp\/v2\/pages\/33\/revisions"}],"predecessor-version":[{"id":324,"href":"https:\/\/www.pinozvok.modri.net\/index.php?rest_route=\/wp\/v2\/pages\/33\/revisions\/324"}],"wp:attachment":[{"href":"https:\/\/www.pinozvok.modri.net\/index.php?rest_route=%2Fwp%2Fv2%2Fmedia&parent=33"}],"curies":[{"name":"wp","href":"https:\/\/api.w.org\/{rel}","templated":true}]}}